digit of 800415?
1
What is the thousands digit of 416802?
6
What is the tens digit of 1282172?
7
What is the units digit of 6357826?
6
What is the ten thousands digit of 340984?
4
What is the hundreds digit of 184688?
6
What is the millions digit of 1417615?
1
What is the hundreds digit of 348033?
0
What is the tens digit of 175505?
0
What is the ten thousands digit of 1113911?
1
What is the ten thousands digit of 9675536?
7
What is the units digit of 132801?
1
What is the thousands digit of 5113551?
3
What is the hundred thousands digit of 467474?
4
What is the thousands digit of 723328?
3
What is the thousands digit of 2204216?
4
What is the ten thousands digit of 129319?
2
What is the tens digit of 2763692?
9
What is the thousands digit of 753560?
3
What is the ten thousands digit of 70480?
7
What is the units digit of 22412661?
1
What is the hundred thousands digit of 3901416?
9
What is the units digit of 2380399?
9
What is the units digit of 331565?
5
What is the ten thousands digit of 12143777?
4
What is the hundred thousands digit of 7056545?
0
What is the units digit of 573381?
1
What is the ten thousands digit of 984210?
8
What is the units digit of 332455?
5
What is the ten thousands digit of 1333683?
3
What is the tens digit of 320957?
5
What is the hundreds digit of 374115?
1
What is the thousands digit of 3969261?
9
What is the units digit of 3876457?
7
What is the units digit of 1485717?
7
What is the thousands digit of 2646062?
6
What is the thousands digit of 1717778?
7
What is the hundreds digit of 6262647?
6
What is the hundreds digit of 369758?
7
What is the ten thousands digit of 599027?
9
What is the thousands digit of 627691?
7
What is the tens digit of 532621?
2
What is the millions digit of 5845418?
5
What is the tens digit of 10902684?
8
What is the hundreds digit of 25408067?
0
What is the hundred thousands digit of 1729103?
7
What is the units digit of 2322150?
0
What is the ten thousands digit of 264077?
6
What is the hundred thousands digit of 595591?
5
What is the tens digit of 933315?
1
What is the hundreds digit of 1164309?
3
What is the hundreds digit of 9718748?
7
What is the ten thousands digit of 59617?
5
What is the units digit of 963635?
5
What is the hundred thousands digit of 5461781?
4
What is the hundreds digit of 10159756?
7
What is the hundreds digit of 16600644?
6
What is the thousands digit of 129900?
9
What is the thousands digit of 3034144?
4
What is the hundreds digit of 9369102?
1
What is the hundred thousands digit of 827380?
8
What is the tens digit of 16343009?
0
What is the hundreds digit of 213383?
3
What is the ten thousands digit of 7294153?
9
What is the thousands digit of 1613161?
3
What is the tens digit of 5099627?
2
What is the tens digit of 347094?
9
What is the ten thousands digit of 592138?
9
What is the thousands digit of 5315?
5
What is the ten thousands digit of 10497561?
9
What is the units digit of 76594?
4
What is the hundreds digit of 1032723?
7
What is the hundreds digit of 1467451?
4
What is the units digit of 428856?
6
What is the units digit of 21122466?
6
What is the tens digit of 45982?
8
What is the tens digit of 31790?
9
What is the ten thousands digit of 31213450?
1
What is the units digit of 1781572?
2
What is the units digit of 4085635?
5
What is the millions digit of 2163864?
2
What is the millions digit of 2395313?
2
What is the thousands digit of 5854?
5
What is the units digit of 634864?
4
What is the ten thousands digit of 3749415?
4
What is the tens digit of 133055?
5
What is the hundred thousands digit of 232447?
2
What is the units digit of 945771?
1
What is the ten thousands digit of 3610387?
1
What is the units digit of 214902?
2
What is the tens digit of 1769525?
2
What is the tens digit of 2700946?
4
What is the units digit of 77213?
3
What is the thousands digit of 614485?
4
What is the hundreds digit of 315356?
3
What is the hundreds digit of 234739?
7
What is the hundred thousands digit of 2752616?
7
What is the millions digit of 8067509?
8
What is the thousands digit of 76193?
6
What is the ten thousands digit of 67022?
6
What is the millions digit of 2007809?
2
What is the ten thousands digit of 1443323?
4
What is the tens digit of 122293?
9
What is the hundred thousands digit of 511215?
5
What is the ten thousands digit of 5457363?
5
What is the tens digit of 3631732?
3
What is the hundred thousands digit of 387442?
3
What is the ten thousands digit of 1384344?
8
What is the thousands digit of 7423503?
3
What is the thousands digit of 8369418?
9
What is the units digit of 12824551?
1
What is the ten thousands digit of 397254?
9
What is the units digit of 1201555?
5
What is the ten thousands digit of 3957810?
5
What is the hundreds digit of 437331?
3
What is the units digit of 140866?
6
What is the ten thousands digit of 326721?
2
What is the units digit of 127792?
2
What is the units digit of 283381?
1
What is the tens digit of 5347?
4
What is the units digit of 1490475?
5
What is the ten thousands digit of 183761?
8
What is the ten thousands digit of 679387?
7
What is the hundreds digit of 233158?
1
What is the tens digit of 5986818?
1
What is the ten thousands digit of 30784?
3
What is the millions digit of 6923631?
6
What is the hundreds digit of 774497?
4
What is the units digit of 31199412?
2
What is the hundreds digit of 623463?
4
What is the millions digit of 7265905?
7
What is the units digit of 228822?
2
What is the tens digit of 1100427?
2
What is the thousands digit of 3325131?
5
What is the thousands digit of 176395?
6
What is the ten thousands digit of 270539?
7
What is the units digit of 1754239?
9
What is the hundred thousands digit of 41043817?
0
What is the ten thousands digit of 104803?
0
What is the thousands digit of 13178555?
8
What is the units digit of 94399?
9
What is the thousands digit of 72656?
2
What is the tens digit of 3296600?
0
What is the ten thousands digit of 6870592?
7
What is the tens digit of 3696879?
7
What is the hundred thousands digit of 202759?
2
What is the ten thousands digit of 28176?
2
What is the hundreds digit of 2650002?
0
What is the tens digit of 3813?
1
What is the hundred thousands digit of 7941816?
9
What is the units digit of 7768988?
8
What is the hundred thousands digit of 6148685?
1
What is the tens digit of 1585348?
4
What is the hundred thousands digit of 164285?
1
What is the ten thousands digit of 3381780?
8
What is the units digit of 5764920?
0
What is the ten thousands digit of 6194018?
9
What is the tens digit of 827513?
1
What is the thousands digit of 6922836?
2
What is the units digit of 250216?
6
What is the units digit of 1727348?
8
What is the millions digit of 26512495?
6
What is the hundred thousands digit of 846467?
8
What is the tens digit of 9474454?
5
What is the units digit of 2857955?
5
What is the hundred thousands digit of 215338?
2
What is the thousands digit of 8504514?
4
What is the ten thousands digit of 2690667?
9
What is the ten thousands digit of 165279?
6
What is the thousands digit of 856765?
6
What is the hundreds digit of 5810372?
3
What is the tens digit of 1875412?
1
What is the ten thousands digit of 5849917?
4
What is the hundreds digit of 825376?
3
What is the ten thousands digit of 7249223?
4
What is the hundreds digit of 21034348?
3
What is the hundreds digit of 7278219?
2
What is the hundred thousands digit of 568825?
5
What is the tens digit of 995964?
6
What is the units digit of 2444008?
8
What is the units digit of 4227547?
7
What is the ten thousands digit of 667835?
6
What is the thousands digit of 161817?
1
What is the millions digit of 10475542?
0
What is the hundred thousands digit of 1816007?
8
What is the units digit of 1369537?
7
What is the units digit of 312194?
4
What is the units digit of 9442?
2
What is the hundreds digit of 678185?
1
What is the ten millions digit of 15125551?
1
What is the units digit of 278100?
0
What is the tens digit of 821897?
9
What is the thousands digit of 5746484?
6
What is the hundred thousands digit of 17707327?
7
What is the hundred thousands digit of 4654967?
6
What is the units digit of 1322460?
0
What is the ten millions digit of 20814380?
2
What is the hundred thousands digit of 140854?
1
W